{"id":40,"date":"2021-08-21T00:20:57","date_gmt":"2021-08-21T00:20:57","guid":{"rendered":"http:\/\/pyptopografos.com\/?page_id=40"},"modified":"2021-09-06T19:47:36","modified_gmt":"2021-09-06T19:47:36","slug":"servicios","status":"publish","type":"page","link":"https:\/\/pyptopografos.com\/?page_id=40","title":{"rendered":"Servicios"},"content":{"rendered":"\t\t<div data-elementor-type=\"wp-page\" data-elementor-id=\"40\" class=\"elementor elementor-40\" data-elementor-settings=\"[]\">\n\t\t\t\t\t\t\t<div class=\"elementor-section-wrap\">\n\t\t\t\t\t\t\t<section class=\"elementor-section elementor-top-section elementor-element elementor-element-254d3a1 elementor-section-boxed elementor-section-height-default elementor-section-height-default\" data-id=\"254d3a1\" data-element_type=\"section\">\n\t\t\t\t\t\t<div class=\"elementor-container elementor-column-gap-default\">\n\t\t\t\t\t<div class=\"elementor-column elementor-col-100 elementor-top-column elementor-element elementor-element-058f87b\" data-id=\"058f87b\" data-element_type=\"column\">\n\t\t\t<div class=\"elementor-widget-wrap elementor-element-populated\">\n\t\t\t\t\t\t\t\t<div class=\"elementor-element elementor-element-d39de91 elementor-widget elementor-widget-heading\" data-id=\"d39de91\" data-element_type=\"widget\" data-widget_type=\"heading.default\">\n\t\t\t\t<div class=\"elementor-widget-container\">\n\t\t\t<h2 class=\"elementor-heading-title elementor-size-default\">Servicios<\/h2>\t\t<\/div>\n\t\t\t\t<\/div>\n\t\t\t\t\t<\/div>\n\t\t<\/div>\n\t\t\t\t\t\t\t<\/div>\n\t\t<\/section>\n\t\t\t\t<section class=\"elementor-section elementor-top-section elementor-element elementor-element-99e5197 elementor-section-boxed elementor-section-height-default elementor-section-height-default\" data-id=\"99e5197\" data-element_type=\"section\">\n\t\t\t\t\t\t<div class=\"elementor-container elementor-column-gap-default\">\n\t\t\t\t\t<div class=\"elementor-column elementor-col-33 elementor-top-column elementor-element elementor-element-4ad8a28\" data-id=\"4ad8a28\" data-element_type=\"column\">\n\t\t\t<div class=\"elementor-widget-wrap elementor-element-populated\">\n\t\t\t\t\t\t\t\t<div class=\"elementor-element elementor-element-01aa803 elementor-position-top elementor-vertical-align-top elementor-widget elementor-widget-image-box\" data-id=\"01aa803\" data-element_type=\"widget\" data-widget_type=\"image-box.default\">\n\t\t\t\t<div class=\"elementor-widget-container\">\n\t\t\t<div class=\"elementor-image-box-wrapper\"><figure class=\"elementor-image-box-img\"><a href=\"https:\/\/pyptopografos.com\/?page_id=608\"><img loading=\"lazy\" decoding=\"async\" width=\"829\" height=\"673\" src=\"https:\/\/pyptopografos.com\/wp-content\/uploads\/2021\/09\/Dron-4-e1630957496908.jpg\" class=\"attachment-full size-full\" alt=\"\" \/><\/a><\/figure><div class=\"elementor-image-box-content\"><h3 class=\"elementor-image-box-title\"><a href=\"https:\/\/pyptopografos.com\/?page_id=608\"><span style=\"background-color: rgb(248, 247, 242); font-size: 1.5rem; white-space: normal;\">TOPOGRAFIA CON DRONE FOTOGRAMETRIA<\/span><\/a><\/h3><p class=\"elementor-image-box-description\">Levantamientos topogr\u00e1ficos georreferenciados con ayuda de drones de \u00faltima tecnolog\u00eda.<\/p><\/div><\/div>\t\t<\/div>\n\t\t\t\t<\/div>\n\t\t\t\t\t<\/div>\n\t\t<\/div>\n\t\t\t\t<div class=\"elementor-column elementor-col-33 elementor-top-column elementor-element elementor-element-e917a07\" data-id=\"e917a07\" data-element_type=\"column\">\n\t\t\t<div class=\"elementor-widget-wrap elementor-element-populated\">\n\t\t\t\t\t\t\t\t<div class=\"elementor-element elementor-element-4d36469 elementor-position-top elementor-vertical-align-top elementor-widget elementor-widget-image-box\" data-id=\"4d36469\" data-element_type=\"widget\" data-widget_type=\"image-box.default\">\n\t\t\t\t<div class=\"elementor-widget-container\">\n\t\t\t<div class=\"elementor-image-box-wrapper\"><figure class=\"elementor-image-box-img\"><img loading=\"lazy\" decoding=\"async\" width=\"934\" height=\"700\" src=\"https:\/\/pyptopografos.com\/wp-content\/uploads\/2021\/09\/Lev-Esp-3.jpg\" class=\"attachment-full size-full\" alt=\"\" \/><\/figure><div class=\"elementor-image-box-content\"><h3 class=\"elementor-image-box-title\">LEVANTAMIENTOS ESPECIALES<\/h3><p class=\"elementor-image-box-description\">Batimetr\u00edas <br>\n\nLevantamiento de t\u00faneles\n.<\/p><\/div><\/div>\t\t<\/div>\n\t\t\t\t<\/div>\n\t\t\t\t\t<\/div>\n\t\t<\/div>\n\t\t\t\t<div class=\"elementor-column elementor-col-33 elementor-top-column elementor-element elementor-element-eb36de9\" data-id=\"eb36de9\" data-element_type=\"column\">\n\t\t\t<div class=\"elementor-widget-wrap elementor-element-populated\">\n\t\t\t\t\t\t\t\t<div class=\"elementor-element elementor-element-d4041e9 elementor-position-top elementor-vertical-align-top elementor-widget elementor-widget-image-box\" data-id=\"d4041e9\" data-element_type=\"widget\" data-widget_type=\"image-box.default\">\n\t\t\t\t<div class=\"elementor-widget-container\">\n\t\t\t<div class=\"elementor-image-box-wrapper\"><figure class=\"elementor-image-box-img\"><img loading=\"lazy\" decoding=\"async\" width=\"640\" height=\"480\" src=\"https:\/\/pyptopografos.com\/wp-content\/uploads\/2021\/09\/Gps-7.jpg\" class=\"attachment-full size-full\" alt=\"\" \/><\/figure><div class=\"elementor-image-box-content\"><h3 class=\"elementor-image-box-title\">GPS DE DOBLE FRECUENCIA<\/h3><p class=\"elementor-image-box-description\">Georeferenciaciones.<br>\nLevantamientos con el sistema RTK.\n<\/p><\/div><\/div>\t\t<\/div>\n\t\t\t\t<\/div>\n\t\t\t\t\t<\/div>\n\t\t<\/div>\n\t\t\t\t\t\t\t<\/div>\n\t\t<\/section>\n\t\t\t\t<section class=\"elementor-section elementor-top-section elementor-element elementor-element-4be154a elementor-section-boxed elementor-section-height-default elementor-section-height-default\" data-id=\"4be154a\" data-element_type=\"section\">\n\t\t\t\t\t\t<div class=\"elementor-container elementor-column-gap-default\">\n\t\t\t\t\t<div class=\"elementor-column elementor-col-100 elementor-top-column elementor-element elementor-element-1fd61d4\" data-id=\"1fd61d4\" data-element_type=\"column\">\n\t\t\t<div class=\"elementor-widget-wrap elementor-element-populated\">\n\t\t\t\t\t\t\t\t<div class=\"elementor-element elementor-element-bf2c09f elementor-widget elementor-widget-spacer\" data-id=\"bf2c09f\" data-element_type=\"widget\" data-widget_type=\"spacer.default\">\n\t\t\t\t<div class=\"elementor-widget-container\">\n\t\t\t\t\t<div class=\"elementor-spacer\">\n\t\t\t<div class=\"elementor-spacer-inner\"><\/div>\n\t\t<\/div>\n\t\t\t\t<\/div>\n\t\t\t\t<\/div>\n\t\t\t\t\t<\/div>\n\t\t<\/div>\n\t\t\t\t\t\t\t<\/div>\n\t\t<\/section>\n\t\t\t\t<section class=\"elementor-section elementor-top-section elementor-element elementor-element-f6965f7 elementor-section-boxed elementor-section-height-default elementor-section-height-default\" data-id=\"f6965f7\" data-element_type=\"section\">\n\t\t\t\t\t\t<div class=\"elementor-container elementor-column-gap-default\">\n\t\t\t\t\t<div class=\"elementor-column elementor-col-50 elementor-top-column elementor-element elementor-element-3e306ee\" data-id=\"3e306ee\" data-element_type=\"column\">\n\t\t\t<div class=\"elementor-widget-wrap elementor-element-populated\">\n\t\t\t\t\t\t\t\t<div class=\"elementor-element elementor-element-1410e17 elementor-position-top elementor-vertical-align-top elementor-widget elementor-widget-image-box\" data-id=\"1410e17\" data-element_type=\"widget\" data-widget_type=\"image-box.default\">\n\t\t\t\t<div class=\"elementor-widget-container\">\n\t\t\t<div class=\"elementor-image-box-wrapper\"><figure class=\"elementor-image-box-img\"><img loading=\"lazy\" decoding=\"async\" width=\"1024\" height=\"768\" src=\"https:\/\/pyptopografos.com\/wp-content\/uploads\/2021\/09\/Urb-3-1.jpeg\" class=\"attachment-full size-full\" alt=\"\" \/><\/figure><div class=\"elementor-image-box-content\"><h3 class=\"elementor-image-box-title\">OBRAS CIVILES<\/h3><p class=\"elementor-image-box-description\">Dise\u00f1o y construcci\u00f3n de Redes (Acueducto- Alcantarillado)<br>\nDise\u00f1o y Construcci\u00f3n de V\u00edas.<br> \nLevantamientos Arquitect\u00f3nicos<br>\nC\u00e1lculos Estructurales<br>\nEstudios de Suelos \n<\/p><\/div><\/div>\t\t<\/div>\n\t\t\t\t<\/div>\n\t\t\t\t\t<\/div>\n\t\t<\/div>\n\t\t\t\t<div class=\"elementor-column elementor-col-50 elementor-top-column elementor-element elementor-element-92703ab\" data-id=\"92703ab\" data-element_type=\"column\">\n\t\t\t<div class=\"elementor-widget-wrap elementor-element-populated\">\n\t\t\t\t\t\t\t\t<div class=\"elementor-element elementor-element-5a46fd0 elementor-position-top elementor-vertical-align-top elementor-widget elementor-widget-image-box\" data-id=\"5a46fd0\" data-element_type=\"widget\" data-widget_type=\"image-box.default\">\n\t\t\t\t<div class=\"elementor-widget-container\">\n\t\t\t<div class=\"elementor-image-box-wrapper\"><figure class=\"elementor-image-box-img\"><img loading=\"lazy\" decoding=\"async\" width=\"785\" height=\"551\" src=\"https:\/\/pyptopografos.com\/wp-content\/uploads\/2021\/08\/29327.gif\" class=\"attachment-full size-full\" alt=\"\" \/><\/figure><div class=\"elementor-image-box-content\"><h3 class=\"elementor-image-box-title\">TOPOGRAFIA  DIGITALIZADA  <\/h3><p class=\"elementor-image-box-description\">Levantamientos topogr\u00e1ficos <br>convencionales<br>\nReplanteos<br>\nLocalizaciones<br>\nIncorporaciones<br>\nParticiones<br>\nNivelaciones<br>\nControl de asentamientos<br>\nC\u00e1lculos de vol\u00famenes<br>\nLoteos\n<\/p><\/div><\/div>\t\t<\/div>\n\t\t\t\t<\/div>\n\t\t\t\t\t<\/div>\n\t\t<\/div>\n\t\t\t\t\t\t\t<\/div>\n\t\t<\/section>\n\t\t\t\t<section class=\"elementor-section elementor-top-section elementor-element elementor-element-65ab451 elementor-section-boxed elementor-section-height-default elementor-section-height-default\" data-id=\"65ab451\" data-element_type=\"section\">\n\t\t\t\t\t\t<div class=\"elementor-container elementor-column-gap-default\">\n\t\t\t\t\t<div class=\"elementor-column elementor-col-100 elementor-top-column elementor-element elementor-element-38d08db\" data-id=\"38d08db\" data-element_type=\"column\">\n\t\t\t<div class=\"elementor-widget-wrap elementor-element-populated\">\n\t\t\t\t\t\t\t\t<div class=\"elementor-element elementor-element-6c4da3d elementor-position-top elementor-vertical-align-top elementor-widget elementor-widget-image-box\" data-id=\"6c4da3d\" data-element_type=\"widget\" data-widget_type=\"image-box.default\">\n\t\t\t\t<div class=\"elementor-widget-container\">\n\t\t\t<div class=\"elementor-image-box-wrapper\"><figure class=\"elementor-image-box-img\"><img loading=\"lazy\" decoding=\"async\" width=\"1920\" height=\"1440\" src=\"https:\/\/pyptopografos.com\/wp-content\/uploads\/2021\/08\/topography-202278_1920.jpg\" class=\"attachment-full size-full\" alt=\"\" \/><\/figure><div class=\"elementor-image-box-content\"><h3 class=\"elementor-image-box-title\">OTROS SERVICIOS<\/h3><p class=\"elementor-image-box-description\">Estudios de t\u00edtulos<br>\nAval\u00faos urbanos y rurales.<br>\nDigitalizaci\u00f3n de cartograf\u00eda.<br>\nDibujo de planos de arquitectura, <br>ingenier\u00eda, licencias mineras, etc.<br>\nImpresi\u00f3n de gran formato.<br>\nEscaner de gran formato.\n<\/p><\/div><\/div>\t\t<\/div>\n\t\t\t\t<\/div>\n\t\t\t\t\t<\/div>\n\t\t<\/div>\n\t\t\t\t\t\t\t<\/div>\n\t\t<\/section>\n\t\t\t\t\t\t<\/div>\n\t\t\t\t\t<\/div>\n\t\t","protected":false},"excerpt":{"rendered":"<p>Servicios TOPOGRAFIA CON DRONE FOTOGRAMETRIA Levantamientos topogr\u00e1ficos georreferenciados con ayuda de drones de \u00faltima tecnolog\u00eda. LEVANTAMIENTOS ESPECIALES Batimetr\u00edas Levantamiento de t\u00faneles . GPS DE DOBLE FRECUENCIA Georeferenciaciones. Levantamientos con el sistema RTK. OBRAS CIVILES Dise\u00f1o y construcci\u00f3n de Redes (Acueducto- Alcantarillado) Dise\u00f1o y Construcci\u00f3n de V\u00edas. Levantamientos Arquitect\u00f3nicos C\u00e1lculos Estructurales Estudios de Suelos TOPOGRAFIA DIGITALIZADA &hellip;<\/p>\n<p class=\"read-more\"> <a class=\"\" href=\"https:\/\/pyptopografos.com\/?page_id=40\"> <span class=\"screen-reader-text\">Servicios<\/span> Read More &raquo;<\/a><\/p>\n","protected":false},"author":1,"featured_media":0,"parent":0,"menu_order":0,"comment_status":"closed","ping_status":"closed","template":"","meta":{"om_disable_all_campaigns":false,"_monsterinsights_skip_tracking":false,"_monsterinsights_sitenote_active":false,"_monsterinsights_sitenote_note":"","_monsterinsights_sitenote_category":0,"footnotes":""},"class_list":["post-40","page","type-page","status-publish","hentry"],"_links":{"self":[{"href":"https:\/\/pyptopografos.com\/index.php?rest_route=\/wp\/v2\/pages\/40","targetHints":{"allow":["GET"]}}],"collection":[{"href":"https:\/\/pyptopografos.com\/index.php?rest_route=\/wp\/v2\/pages"}],"about":[{"href":"https:\/\/pyptopografos.com\/index.php?rest_route=\/wp\/v2\/types\/page"}],"author":[{"embeddable":true,"href":"https:\/\/pyptopografos.com\/index.php?rest_route=\/wp\/v2\/users\/1"}],"replies":[{"embeddable":true,"href":"https:\/\/pyptopografos.com\/index.php?rest_route=%2Fwp%2Fv2%2Fcomments&post=40"}],"version-history":[{"count":28,"href":"https:\/\/pyptopografos.com\/index.php?rest_route=\/wp\/v2\/pages\/40\/revisions"}],"predecessor-version":[{"id":648,"href":"https:\/\/pyptopografos.com\/index.php?rest_route=\/wp\/v2\/pages\/40\/revisions\/648"}],"wp:attachment":[{"href":"https:\/\/pyptopografos.com\/index.php?rest_route=%2Fwp%2Fv2%2Fmedia&parent=40"}],"curies":[{"name":"wp","href":"https:\/\/api.w.org\/{rel}","templated":true}]}}